15 - u. Calculate the greatest common divisor of h and 70.
14
Let x = 9 - -31. Calculate the highest common factor of 4 and x.
4
Let r = 11 + -1. What is the highest common factor of 2 and r?
2
Suppose -2 = 3*u + 4. Let c be 5 + -3 - (u - 22). What is the highest common divisor of c and 39?
13
Suppose 6*r - 10 = r. Suppose 0 = -r*p + 7 - 3. Suppose -5*i + 324 = l, -5*l + p*l - 263 = -4*i. Calculate the highest common divisor of i and 13.
13
Suppose -v + 5*v = -2*r + 46, r = -4*v + 47. Suppose d + 4*w + 40 = 3*d, 5*d - w = 136. Let p = d - v. Calculate the greatest common divisor of 16 and p.
16
Let t = 2 - 4. Let h(u) = -3*u**3 - 4*u**2 - 2*u + 1. Let b be h(t). What is the greatest common factor of b and 26?
13
Let s(k) = k**3 + 8*k**2 + 2*k - 3. Let z be s(-3). What is the highest common divisor of z and 27?
9
Let d be 6/(-4) - 129/(-2). Calculate the greatest common factor of 9 and d.
9
Suppose -4*z + 8 = 2*f, 6*f + 8 = -3*z + f. Calculate the highest common factor of z and 6.
2
Let j be (6 - 4)*(-334)/(-4). Suppose -4*i = -49 - j. Suppose -z = z - 72. Calculate the highest common factor of z and i.
18
Suppose -3*r = 8*y - 4*y - 166, -2*y + 4*r + 94 = 0. What is the highest common factor of 43 and y?
43
Let w = 1 + 1. Suppose w*y = -y + 57. Let j be (-4)/(-6) + y/3. What is the greatest common factor of j and 56?
7
Let u be (6/(-3) - -3)*3. Suppose 0 = -4*c - 3*z + 4*z + 43, 4*z = -u*c + 37. Calculate the greatest common factor of 55 and c.
11
Let x be -2 + 7 + (-2 - -2). Suppose -x*n + 5 = -20. What is the highest common factor of 2 and n?
1
Suppose 2*c + 3*w = -0*w - 10, 12 = -c - 5*w. Let m = 5 + c. Calculate the greatest common divisor of 2 and m.
1
Let z(h) = h**2 - 11*h + 20. Let t be z(16). What is the greatest common divisor of t and 20?
20
Let w be (35 - 5)/(2/11). Calculate the highest common divisor of w and 15.
15
Let h be 1/(-3) + 38/6. Suppose 0*j = j. Suppose -4*g + 13 - 1 = j. Calculate the greatest common factor of h and g.
3
Let n be 40*(8/5)/2. Suppose 2*t - 6 = -0. Suppose -t*p = 2*k - 4 - 4, -4*k = 2*p - n. What is the greatest common factor of k and 30?
10
Let v(l) = -l**3 - 11*l**2 - 11*l - 8. Let h be v(-10). Calculate the greatest common factor of h and 2.
2
Suppose -5*z + 134 = 4*u - 0*z, -3*u - 5*z + 98 = 0. Calculate the greatest common divisor of u and 4.
4
Suppose -2*i - i - 18 = 0. Let a(l) = -l + 4. Let y be a(i). What is the highest common divisor of 70 and y?
10
Suppose -v + 60 = v. Calculate the highest common divisor of v and 6.
6
Let c(f) = 3*f**3 - f**2 - f - 2. Let p be c(2). Let g = p - 10. Let z = g - 1. Calculate the highest common divisor of z and 45.
5
Let f be (-72)/(-10)*(-30)/(-12). Let d be (24/f)/((-6)/(-9)). Let r = 22 - 12. What is the greatest common divisor of r and d?
2
Let l(j) = j**2 - 1. Let r be l(-1). Let z = 4 + r. What is the highest common factor of z and 44?
4
Let h = 1 + 6. Suppose -4*s + 3*m - 7 = 0, -3*m - 6 = 2*s - h*m. Let t(p) = 15*p**2. Let n be t(s). Calculate the highest common factor of 105 and n.
15
Suppose 0 = 3*b - v + 208, -5*b - 375 = -0*v + 4*v. Let o = 119 + b. Calculate the highest common factor of 12 and o.
12
Suppose 0 = -5*b + g + 48, -2*b + 0 = g - 22. Let n be ((-576)/(-112))/(2/35). What is the greatest common divisor of n and b?
10
Let y be ((-4)/6)/(8/(-12)). What is the greatest common divisor of y and 7?
1
Suppose z + 3*s = 3, 0*z - z - 7 = -2*s. Let d be 165/(-10)*28/z. What is the greatest common factor of 22 and d?
22
Let y be (-196)/16*1/((-2)/88). Calculate the highest common factor of y and 49.
49
Let j be ((-30)/(-5))/((-2)/(-135) - 0). What is the greatest common divisor of j and 45?
45
Let q = 69 - 14. Suppose 5*r + 0*r - 130 = -5*y, -2*y - 68 = -3*r. Let w be 2/(-1) - r/(-1). What is the highest common divisor of w and q?
11
Suppose 5*k + 54 - 184 = 0. What is the greatest common divisor of 26 and k?
26
Let z(a) = 217*a + 23. Let j be z(1). Let p be 20/1*9/6. Calculate the greatest common factor of p and j.
30
Let o be (-2)/16*-4 - 764/(-8). Calculate the highest common factor of o and 12.
12
Let h = -28 - -48. Let g = 30 - h. Calculate the greatest common factor of 90 and g.
10
Let c = 483 - 331. What is the highest common factor of c and 38?
38
Suppose 4*j = 2*z + 9 + 1, -4*j = -3*z - 9. What is the highest common divisor of z and 9?
1
Suppose 5*f = -27 + 102. Let h be (2 + f/(-6))*-42. What is the highest common factor of h and 42?
21
Suppose -3*s = 2*s + 5*h - 35, 0 = 2*h + 6. Calculate the highest common divisor of s and 80.
10
Let k(d) be the second derivative of -d**4/12 + d**3/2 - 2*d. Let t be k(2). Calculate the highest common divisor of 6 and t.
2
Let x be 44 + (-3 - -4)*-1 - 3. What is the greatest common factor of x and 100?
20
Let f be ((-6)/(-3))/(5/105). Suppose 0 = 3*a - 273 + f. Suppose 0 = -2*w + 4*w - 2, -52 = -5*z + 3*w. What is the highest common divisor of a and z?
11
Let a(q) = 5*q**2 - 3*q**2 + 10*q - 3*q. Let o be a(5). What is the highest common factor of o and 34?
17
Let n(f) = -f**2 - 8*f - 5. Let l be n(-6). What is the greatest common divisor of l and 14?
7
Suppose -2*v + 0*v + 98 = 0. What is the highest common divisor of 7 and v?
7
Suppose -4*t - 5*l - 1 = 0, 3*t + 8 = 8*t - 3*l. What is the greatest common factor of 9 and t?
1
Let j(l) = l**2 - 6*l + 2. Let i be j(10). What is the greatest common divisor of i and 28?
14
Suppose 0 = 2*u + x - 127, 183 = 3*u - 0*x + 3*x. What is the greatest common factor of 44 and u?
22
Let h = 68 - 28. What is the highest common factor of 5 and h?
5
Suppose -2*c = -c + 137. Let m = c + 194. Suppose -m - 47 = -2*g. What is the highest common factor of g and 13?
13
Suppose 328 + 35 = 3*f. Let a be 3/(12/(-22))*-2. Calculate the highest common factor of f and a.
11
Let j be (-2)/3 - (-8)/3. Let y be 0/j - (33 + 1). Let f be 1/(-2) + y/(-4). Calculate the highest common factor of f and 56.
8
Let g be (4/(-14))/(2/(-14)). Calculate the greatest common factor of g and 4.
2
Let j = 41 - 22. What is the greatest common factor of j and 38?
19
Suppose -12 + 0 = -4*s. Let q = 26 - 17. Calculate the greatest common divisor of s and q.
3
Let x(i) = -29*i - 1. Let g be x(-3). Let p = 50 + g. What is the greatest common factor of 17 and p?
17
Let h = 3 + 8. Let c = -15 + h. Let y(w) = -2*w + 3. Let l be y(c). Calculate the greatest common factor of 11 and l.
11
Suppose -177*j + 173*j = -48. Calculate the greatest common divisor of j and 276.
12
Suppose 4*t = -2 + 14. Let k = t - -5. Suppose -q - 2*y + 6 = q, 0 = -5*q + 3*y + 23. Calculate the greatest common factor of k and q.
4
Suppose -3*w = l - 64, -4*w - 2*l + 88 = -0*w. What is the greatest common factor of w and 5?
5
Suppose 5*c + 32 - 364 = q, -2*c + q = -134. Calculate the greatest common factor of c and 22.
22
Let y(q) = 4*q - 17. Let z be y(7). Let b = z - -39. Calculate the greatest common factor of 20 and b.
10
Suppose -4*z - 16 = 0, -3*t - 4*z + 39 = 2*t. Let l be 134/t + 6/(-33). Calculate the greatest common divisor of 12 and l.
12
Let t(w) = w**2 + w - 2. Let c be t(4). What is the greatest common factor of c and 18?
18
Let n = -103 + 107. What is the highest common factor of 36 and n?
4
Let i = 13 - 1. Suppose -4*n = -0*n - 24. Suppose -2*x = -u - n*x + 8, u = -2*x + 10. Calculate the highest common divisor of i and u.
12
Let d = 46 - 42. What is the greatest common factor of d and 6?
2
Let r be 3 + (26 - 5)*3. What is the highest common factor of 6 and r?
6
Let h(c) = 32*c**2. Let z be h(1). Suppose 2*p + z = 3*m + p, 4*m - 48 = 4*p. Let r be m + (-2 - (-2 + 2)). What is the greatest common factor of 56 and r?
8
Suppose 3*l - 3*q = 48, 5*q - 17 = -2*l + 15. What is the greatest common divisor of l and 176?
16
Let m be (-1)/(-2) - (-57)/2. Let v = m - 18. What is the highest common factor of 121 and v?
11
Let t = -15 - -8. Let a(y) = y**3 + 7*y**2 - 3*y - 8. Let m be a(t). Suppose n + 2*n + 5*f = 253, 107 = n - 4*f. What is the greatest common divisor of n and m?
13
Let k(y) = y**3 - 6*y**2 - y + 8. Suppose -2*g + 4*u = 4, 4*u - 16 = -0. Let s be k(g). Calculate the highest common factor of 14 and s.
2
Let o = 12 - 7. Suppose 5*s + 24 + 11 = 0. Let k be s/(21/(-60)) - 0. Calculate the highest common divisor of k and o